ainder when n(-4) is divided by g?
13
Calculate the remainder when (-99)/(-165) + (-2137)/(-5) + 0 is divided by 29.
22
Let k(q) = 481*q - 3346. Suppose 7*o + 732 = 3*a + 2*o, -4*a = -o - 993. Suppose 0 = -0*i - 3*i + a. Calculate the remainder when i is divided by k(7).
20
What is the remainder when (2/(4/(-501)))/(3/(-2)) is divided by 163?
4
Let u(b) = -b**2 - 17*b - 74. Let s be u(-9). Let t(h) be the first derivative of -5*h**4/4 + h**2 + 4*h - 1. Calculate the remainder when t(s) is divided by 9.
4
Let y(r) = -2*r**3 - 10*r**2 - 20*r + 22. Calculate the remainder when 900 is divided by y(-4).
60
Suppose 11 + 29 = 2*y. Let k(z) = -74*z - 1990. What is the remainder when y is divided by k(-27)?
4
Suppose 59*u - 3808 = 2*u + 5141. Calculate the remainder when 605 is divided by u.
134
Let h = 1046 + -485. Calculate the remainder when h is divided by 42.
15
Let n(a) = -20 - 21 - 26 + 17 + 8*a + a. Calculate the remainder when 75/2*4/2 is divided by n(7).
10
Suppose 2*o - 5*w = 7, 8*w = 9*w - 5. What is the remainder when 2/(-4)*(-1 - 153) is divided by o?
13
Let f be (-592)/185*5/(-2). Calculate the remainder when 55 is divided by -2*((-84)/f - (2 + -6)).
3
Suppose -2*t + 205 = -l, t - 52 = -2*l + 43. What is the remainder when 120 is divided by t?
19
Suppose 26 = 3*c - 1. Let g be (108/42)/(4/(-28)). Calculate the remainder when 7130/279 - 8/g is divided by c.
8
Let l = 6559 - 4393. Calculate the remainder when l is divided by 217.
213
Suppose -16*r = -14*r + 8. Calculate the remainder when 149 + 4 + r - (-4 + 1) is divided by 9.
8
Calculate the remainder when ((-678)/(-4))/(33/22) is divided by 29.
26
Suppose d + 86 = 4*o + o, -5*o = 2*d - 98. Let w = 5928 + -5822. Calculate the remainder when w is divided by o.
16
Suppose -2*q - 5*d = 144, d + 190 = -3*q - 0*d. Let g = -79 - q. Let k = g + 44. What is the remainder when 106 is divided by k?
25
Let t be (-13)/39 + 20/6. Suppose -42*j - 16 = -46*j. Suppose -256 = -2*b - t*p - p, j*p + 8 = 0. What is the remainder when b is divided by 15?
12
Let j = -1182 + 1191. Calculate the remainder when 157 is divided by j.
4
Suppose 0 = -6*j + 14*j - 25*j + 136. Calculate the remainder when 29/4 + 1 + 9/(-36) is divided by j.
0
Suppose -26 = -5*v + 1259. Suppose -v*r + 65 = -252*r. What is the remainder when 90 is divided by r?
12
Suppose 17*s - 23*s + 222 = 0. Suppose -s = -5*r + 4*b + 37, -4*r = 4*b - 52. Suppose 3*q + 0*q - 66 = 0. What is the remainder when q is divided by r?
8
Let d be 7/(3 - -1 - (-63)/(-14)). Let w = d - -41. Suppose 0 = -2*r - 9*m + 4*m + 9, -4*r + w = m. Calculate the remainder when 23 is divided by r.
2
Suppose 5 = 5*q - 5*g, 3*q + 6 = -5*g + 1. Suppose -16*v + 22*v - 1056 = q. Calculate the remainder when v is divided by 15.
11
Let w be (-21)/9 + (-2)/(-6). Calculate the remainder when ((-4 - w) + 3)*127 is divided by (-3952)/(-156) - (-4)/6.
23
Suppose 8*o = 16*o - 46*o + 5244. What is the remainder when o is divided by 21?
12
Let a(d) = 2*d**3 + 8*d**2 - 52*d - 34. Calculate the remainder when 491 is divided by a(-7).
23
Let r(i) = i**2 - 5*i + 5. Let c = -27239 + 27292. Calculate the remainder when c is divided by r(6).
9
Let m = 3727 - 3708. What is the remainder when 751 is divided by m?
10
What is the remainder when 2639 is divided by 819/35 - -5*5/(-625)*10?
17
Suppose -3*j - 15*u + 273 = -12*u, -j = -5*u - 109. What is the remainder when j is divided by 17?
9
Let f(m) = -16*m - 7*m + 21*m - m**3 - 4 + 44 + 47*m - 25*m**2. Calculate the remainder when f(-27) is divided by 32.
27
Suppose 5*l = 2*q + 1349, 2*l - 2*q - 506 - 42 = 0. What is the remainder when l is divided by 82?
21
Suppose -55 + 130 = k. Suppose k = 5*l + 5*u, -3*l + 2*u = -2*l. Suppose -2*w - 78 = -4*w. What is the remainder when w is divided by l?
9
Suppose 16*n - 181 = 1163. Suppose 14*g = n + 14. What is the remainder when 44 is divided by g?
2
Let o = 673 - -136. Suppose -4*d = 669 - o. What is the remainder when 276 is divided by d?
31
Let k(q) = q**2 - q - 3. Let s = -325 - -106. What is the remainder when s/(-5) + (-16)/20 is divided by k(4)?
7
Let g = 20380 - 20371. Calculate the remainder when 4586 is divided by g.
5
Let w = -101 + 169. What is the remainder when 532 is divided by w?
56
Let v(p) = 66*p**3 - 4*p**2 - 2*p + 1. Let x be v(2). Suppose 243 = 16*i - x. Calculate the remainder when 180 is divided by i.
39
Calculate the remainder when 540 is divided by (0 - 8) + 21 - -1.
8
Let j = 82 + 63. Suppose 5*d = 15 + j. Calculate the remainder when 155 is divided by d.
27
Let g = 2979 + -2759. What is the remainder when g is divided by 88?
44
Suppose -4*p + 1 = -3*v, 14*p = v + 9*p + 37. What is the remainder when ((-126)/5)/(1/(-5)) is divided by v?
9
Let f be ((-6)/9)/(4/6). Suppose 2*n - 7*n = -25. What is the remainder when (-1)/f*9/((-18)/(-56)) is divided by n?
3
Suppose 8*x + a + 866 = 11*x, 579 = 2*x - a. Let v = x + -282. What is the remainder when 22 is divided by v?
2
What is the remainder when 3010 is divided by (828/32)/(105/(-140))*(-4)/6?
20
Suppose 43*d - 2583 = 1201. Let a(k) = -6*k + 181. What is the remainder when d is divided by a(27)?
12
What is the remainder when 854404/2008 + 1/3 + 10/(-12) is divided by 15?
5
Suppose -46 + 150 = 2*r. What is the remainder when r is divided by (14 + -15)*(6 + 1) - -27?
12
Suppose 0*g - 48 = -2*g. Suppose a - g = 4*a + z, -2*a + 4*z - 30 = 0. What is the remainder when 1/((15/a)/(-5)*1) is divided by 2?
1
Suppose 0 = -16*l + 14*l - 12. Let i be (74/l)/(6/(-18)). Let x = i - 21. Calculate the remainder when 57 is divided by x.
9
Suppose 0 = -59*n + 5072 - 1355. Let l = 439 - 193. What is the remainder when l is divided by n?
57
Let r(l) = l**3 - 5*l**2 + 2*l - 8. Suppose -25*z = -17*z - 152. Calculate the remainder when r(6) is divided by z.
2
Suppose 21*d - 956 = 317 + 491. What is the remainder when d is divided by 58?
26
Let t be 80/(-280) + (1 - (-23)/7). Suppose -13 = -3*j - t. Suppose j*w + 4*a - 243 = 0, -3*w - a - 405 = -8*w. What is the remainder when w is divided by 41?
40
Let l = -104 - -161. Let x = -2333 + 2549. What is the remainder when x is divided by l?
45
Let a(g) = -4*g**3 - 4*g**2 - g + 3. Let n(s) = -5*s + 26. Let j be ((-6)/(-90)*10)/((-1)/(-3)). Calculate the remainder when a(-3) is divided by n(j).
14
Suppose -28*z = 7*z + 38*z - 1051565. Calculate the remainder when z is divided by 147.
146
Suppose 0 = 5*j + 25, 2*j + 21 = -5*v - 44. Let k = 43 + v. What is the remainder when k is divided by 18?
14
Suppose 3*k = -3*k + 252. Let p = 54 - 95. Let j = p + 56. Calculate the remainder when k is divided by j.
12
Let i = 67 - 73. Let w be 8/(-10) + i/(120/(-196)). Let b(v) = -v**2 + 21*v - 5. Calculate the remainder when b(w) is divided by 21.
19
Suppose 0 = 5*y - 1 + 46. Let u = y + 16. Let i = 6323 + -6278. What is the remainder when i is divided by u?
3
Let u = 146 - 70. Suppose 4098 = -11*q + 1172. Let i = 286 + q. Calculate the remainder when u is divided by i.
16
Let z(n) = 3*n**2 - 3*n - 4. Suppose -12*k + 73 = 25. Calculate the remainder when (-45)/(-60) - (-738)/8 is divided by z(k).
29
Let j = -3144 + 5087. Calculate the remainder when 3887 is divided by j.
1
Let h(r) = -127*r + 9158. Let m = -103 - -240. What is the remainder when m is divided by h(72)?
11
Let j(m) = 20*m - 267. Calculate the remainder when 1/(6/12) - (1 - 690) is divided by j(15).
31
Suppose 0 = -o - 8541 + 10085. What is the remainder when o is divided by 12?
8
Let t be 3240*(3 - 22/10). Let c(j) = -j**2 - 117*j - 1157. Calculate the remainder when (-3)/7 + t/21 is divided by c(-106).
6
Let c = 88 - 37. Let y = c - 36. Suppose -7 = -2*t + y. Calculate the remainder when t is divided by 5.
1
Let g(q) = 48*q + 4. Let v(u) = 33*u**3 + u**2 + 2*u - 2. Let h be v(1). Calculate the remainder when g(2) is divided by (h/(-4))/(31/(-62)).
15
Suppose -4*n + 0*b = -4*b - 428, 3*n + 2*b - 306 = 0. Let l = 125 - n. What is the remainder when l is divided by 7?
0
Let s(d) = -1551*d - 9185. What is the remainder when 4110 is divided by s(-6)?
117
Suppose 0 = -3*c - 2*c - 65. What is the remainder when (-2)/4 - 1556*c/104 is divided by 11?
7
Suppose 30*k - 371385 = -9*k - 96*k. What is the remainder when k is divided by 27?
24
Calculate the remainder when